{"id":24,"date":"2014-01-18T16:04:00","date_gmt":"2014-01-18T15:04:00","guid":{"rendered":"http:\/\/www.alternative-secretariat.fr\/accueil\/?page_id=24"},"modified":"2021-08-19T23:53:12","modified_gmt":"2021-08-19T22:53:12","slug":"livre-dor","status":"publish","type":"page","link":"http:\/\/www.alternative-secretariat.fr\/accueil\/?page_id=24","title":{"rendered":"Livre d&rsquo;or"},"content":{"rendered":"<p>&nbsp;<\/p>\n<p><span style=\"text-decoration: underline;\"><strong>Isabelle DUGUET<\/strong><\/span>, Avocate au Barreau de BAYONNE <a href=\"https:\/\/iconvert.media\/fr\/convertisseur-youtube-avi-telecharger-gratuit\">video youtube telecharger avi iconvert<\/a>, B\u00e2tonnier d\u00e9sign\u00e9<br \/>\n(ancien employeur)<\/p>\n<p>\u00ab\u00a0<em>Madame Karen BARADAT travaille avec moi en qualit\u00e9 de secr\u00e9taire \u00e0 temps partiel depuis 6 ans.<br \/>\nElle est formidable et je suis extr\u00eamement contente de la qualit\u00e9 de son travail et de son engagement<br \/>\npersonnel constant \u00e0 mes c\u00f4t\u00e9s.<br \/>\nC&rsquo;est donc en toute confiance que je vous la recommande.\u00a0\u00bb<\/em><\/p>\n<p>&nbsp;<\/p>\n<p><span style=\"text-decoration: underline;\"><strong>Sandrine BIDART<\/strong><\/span>, Avocate au Barreau de BAYONNE,<\/p>\n<p>\u00ab\u00a0<em>Discr\u00e8te, rapide, efficace, Karen effectue un travail remarquable et pr\u00e9cis qui vous satisfera \u00e0 n&rsquo;en<br \/>\npas douter !<br \/>\nS\u00e9rieux, d\u00e9licatesse et professionnalisme la caract\u00e9risent.<br \/>\nJe vous la recommande\u00a0\u00bb.<\/em><\/p>\n<p>&nbsp;<\/p>\n<p><span style=\"text-decoration: underline;\"><strong>Bertrand DUPOUY &amp; Chantal FAVREAU-LACO<\/strong><\/span>, Avocats au Barreau de BAYONNE <a href=\"https:\/\/nudecamshd.com\/fr\/transgenres\/\" style=\"border: none; color: #666665 ; font-weight: normal !important; text-decoration: none;\">nudecamshd<\/a><\/p>\n<p>\u00ab\u00a0<em>Karen BARADAT assure, en qualit\u00e9 de secr\u00e9taire lib\u00e9rale, les t\u00e2ches qui lui sont confi\u00e9es avec une tr\u00e8s<br \/>\ngrande comp\u00e9tence, faisant preuve d&rsquo;initiative toujours \u00e0 bon escient.<br \/>\nC&rsquo;est un excellent \u00e9l\u00e9ment.\u00a0\u00bb<\/em><\/p>\n<p>&nbsp;<\/p>\n<p><span style=\"text-decoration: underline;\"><strong>Ma\u00efder HENNEBUTTE<\/strong><\/span>, Avocate au Barreau de BAYONNE<\/p>\n<p>\u00ab\u00a0<em>Karen est d&rsquo;une grande efficacit\u00e9 et disponibilit\u00e9, prenant toujours des initiatives.<br \/>\nElle est d&rsquo;une grande perspicacit\u00e9. Elle est formidable.\u00a0\u00bb<\/em><\/p>\n<p>&nbsp;<\/p>\n<p><span style=\"text-decoration: underline;\"><strong>St\u00e9phane MILLE<\/strong><\/span>, Avocat au Bareau de BAYONNE<\/p>\n<p>\u00ab\u00a0<em>Karen BARADAT intervient pour mon Cabinet depuis plusieurs ann\u00e9es, tant sur site, que par t\u00e9l\u00e9travail.<br \/>\nCe mode de fonctionnement me convient parfaitement et j&rsquo;en suis tr\u00e8s satisfait.\u00a0\u00bb<\/em><\/p>\n<p>&nbsp;<\/p>\n<p><span style=\"text-decoration: underline;\"><strong>Olivier PICOT<\/strong><\/span>, Avocat au Barreau de BAYONNE<\/p>\n<p>\u00ab\u00a0<em>Madame BARADAT intervient pour mon Cabinet par t\u00e9l\u00e9travail. Il me suffit de lui transf\u00e9rer mes fichiers<br \/>\naudios et les mod\u00e8les d&rsquo;actes et elle me retourne des documents pr\u00eats \u00e0 l&rsquo;envoi.<br \/>\nElle ex\u00e9cute un travail soign\u00e9, s\u00e9rieux et rapide.\u00a0\u00bb<\/em><\/p>\n<p>&nbsp;<\/p>\n<p><strong><span style=\"text-decoration: underline;\">SCP PERSONNAZ HUERTA BINET JAMBON<\/span><\/strong>, Avocat au Barreau de BAYONNE<\/p>\n<p>\u00ab\u00a0<em>Ch\u00e8re Karen,<br \/>\nA l&rsquo;issue des quelques mois que vous avez pass\u00e9 chez nous, nous tenons \u00e0 vous remercier pour les services<br \/>\nrendus au Cabinet. Nous avons particuli\u00e8rement appr\u00e9ci\u00e9 votre rigueur et votre implication dans notre<br \/>\nstructure ainsi que votre dynamisme et votre bonne humeur.<br \/>\nNous ne manquerons pas de vous solliciter \u00e0 nouveau en cas de besoins.\u00a0\u00bb<\/em><\/p>\n","protected":false},"excerpt":{"rendered":"<p>&nbsp; Isabelle DUGUET, Avocate au Barreau de BAYONNE video youtube telecharger avi iconvert, B\u00e2tonnier d\u00e9sign\u00e9 (ancien employeur) \u00ab\u00a0Madame Karen BARADAT travaille avec moi en qualit\u00e9 de secr\u00e9taire \u00e0 temps partiel depuis 6 ans. Elle est formidable et je suis extr\u00eamement contente de la qualit\u00e9 de son travail et de son engagement personnel constant \u00e0 mes<\/p>\n<p><a class=\"button\" href=\"http:\/\/www.alternative-secretariat.fr\/accueil\/?page_id=24\" title=\"More\">  Read More \u2192<\/a><\/p>\n","protected":false},"author":1,"featured_media":0,"parent":0,"menu_order":0,"comment_status":"open","ping_status":"open","template":"","meta":[],"_links":{"self":[{"href":"http:\/\/www.alternative-secretariat.fr\/accueil\/index.php?rest_route=\/wp\/v2\/pages\/24"}],"collection":[{"href":"http:\/\/www.alternative-secretariat.fr\/accueil\/index.php?rest_route=\/wp\/v2\/pages"}],"about":[{"href":"http:\/\/www.alternative-secretariat.fr\/accueil\/index.php?rest_route=\/wp\/v2\/types\/page"}],"author":[{"embeddable":true,"href":"http:\/\/www.alternative-secretariat.fr\/accueil\/index.php?rest_route=\/wp\/v2\/users\/1"}],"replies":[{"embeddable":true,"href":"http:\/\/www.alternative-secretariat.fr\/accueil\/index.php?rest_route=%2Fwp%2Fv2%2Fcomments&post=24"}],"version-history":[{"count":6,"href":"http:\/\/www.alternative-secretariat.fr\/accueil\/index.php?rest_route=\/wp\/v2\/pages\/24\/revisions"}],"predecessor-version":[{"id":133,"href":"http:\/\/www.alternative-secretariat.fr\/accueil\/index.php?rest_route=\/wp\/v2\/pages\/24\/revisions\/133"}],"wp:attachment":[{"href":"http:\/\/www.alternative-secretariat.fr\/accueil\/index.php?rest_route=%2Fwp%2Fv2%2Fmedia&parent=24"}],"curies":[{"name":"wp","href":"https:\/\/api.w.org\/{rel}","templated":true}]}}